 20 = 3*a + 4*j. Let n be -5*((-204)/30 - -6). What is the highest common divisor of n and a?
4
Let x be (-236)/(-16)*4*1 + 1. Suppose 0*v + 2*v - 96 = 0. What is the greatest common divisor of v and x?
12
Let g(a) = 37*a**2 - 17*a - 2. Let w be g(-1). Calculate the greatest common factor of w and 2197.
13
Suppose i = -5*z + 1, -z + 14*i - 15*i = -1. Suppose 4*y - 9*y - 2*r + 1250 = z, 3*y + 2*r - 746 = 0. Calculate the highest common divisor of y and 36.
36
Suppose -99365 + 1832 = -13*b - 1034. What is the greatest common factor of b and 13?
13
Suppose 72681 = 46*o - 59937. What is the greatest common factor of o and 186?
93
Let n = -11 - -11. Suppose n*b - 2*b + 88 = 0. Let t(v) = 19*v + 15. Let m be t(5). Calculate the greatest common factor of b and m.
22
Let k(j) = j**3 - 12*j**2 - j + 16. Let i be k(12). Suppose 462 = 4*x + 6*p - 4*p, -x - i*p + 112 = 0. What is the greatest common factor of 290 and x?
58
Let k(t) = -t**3 + 3*t + 2. Let w be k(3). Let n be (w/10)/(2/(-10)). Let i = n + 10. Calculate the highest common divisor of 54 and i.
18
Suppose -5*o - 3 = 4*r, -13*o + 3*r = -9*o + 21. Let p = 26 + o. Calculate the greatest common factor of 161 and p.
23
Let x be -6*5/(-25)*-65. Let y be (1 - 0)/((-1)/x). Let k = y + -36. What is the highest common factor of k and 14?
14
Suppose 777 = 2*u + 16*j - 13*j, 774 = 2*u + 2*j. Calculate the greatest common divisor of u and 456.
24
Let d(n) = -n**2 - 10*n - 6. Let f be d(-9). Suppose -9 = f*s - 0. Let g be ((-32)/s)/((-3)/(-45)). What is the highest common divisor of 10 and g?
10
Let p be 32600/84 - (-7 - (-1937)/273). What is the greatest common factor of p and 1455?
97
Let d(i) = -i**3 - 6*i**2 + 4. Let r be d(-6). Let t(n) = n - 9. Let v be t(1). Let y be 13 - v/4 - -5. Calculate the highest common divisor of y and r.
4
Let u(r) = 19*r**2 + 708*r + 9059. Let o be u(-13). Calculate the highest common factor of 949 and o.
73
Let a be (5/10)/(15/(-18) - -1). Let w be (a - (-8)/(-3)) + (-1000)/(-24). Calculate the greatest common factor of w and 6.
6
Suppose k - 1145 = 419. What is the greatest common divisor of 1748 and k?
92
Let v = 1227 - 1213. What is the greatest common factor of v and 142?
2
Suppose 125*f - 2814 = -2*s + 130*f, -4*s + 5628 = -4*f. What is the highest common factor of 273 and s?
21
Let v(m) = -m - 57. Let d be v(-71). Calculate the highest common divisor of d and 1022.
14
Suppose 2*y - 7332 = 3*p, 47*p - 18255 = -5*y + 42*p. What is the greatest common divisor of 138 and y?
69
Suppose 0 = -2*l - 2*f + 240, 0 = -10*l + 2*l - f + 988. Let t be -1 - (3/3 - 436). What is the greatest common factor of t and l?
62
Suppose -5*z + 7*a - 20 = 2*a, 5*a + 7 = -4*z. Let s be (-6 - -8 - z) + 14 + 2. What is the highest common factor of s and 84?
21
Let y(s) = 23*s**2 - 875*s + 128. Let i be y(38). What is the greatest common divisor of i and 1280?
10
Let y(b) = b**3 - b**2 - 2*b - 27. Let c be y(4). Suppose -3*r = m - 719, 2*r + c*m - 478 = 11*m. What is the greatest common divisor of r and 180?
60
Suppose 148393 = 28*n + 27*n + 7318. Calculate the highest common divisor of n and 665.
95
Let c(g) = g**3 + 7*g**2 - 15*g + 59. Let x be c(-11). Let o = 287 + x. What is the greatest common divisor of o and 33?
3
Suppose 1952*x = 1970*x - 1872. What is the greatest common divisor of x and 182?
26
Suppose -11*c + 294 = -7*c - 2*i, -5*c - 2*i + 399 = 0. Calculate the highest common divisor of 399 and c.
7
Suppose -3*d + 176 + 51 = 5*k, -5*d + 435 = -3*k. Calculate the greatest common factor of 1029 and d.
21
Let p = -300 - -435. Let r be 1*16/(-6)*p/(-6). Suppose -r = 110*q - 115*q. What is the greatest common divisor of 84 and q?
12
Let v(z) = 50*z + z**2 - 14*z - 7*z + 8 - 25*z. Let o be (-3)/2*(-16)/(-6). Let t be v(o). Calculate the greatest common factor of 32 and t.
8
Let i be 187272/476*(-1)/(-2)*14. What is the highest common factor of 1428 and i?
102
Let f be (-119)/(84966/(-531300)) + (12/34)/(-3). What is the highest common divisor of f and 1674?
186
Let z be (-9)/(-15) + 1148/(-205) - 12/(-1). Calculate the highest common factor of 5 and z.
1
Suppose -20*m = -m - 1064. Let b be (-2)/(-6) - 426/(-18). What is the highest common divisor of b and m?
8
Let o = -6 - -10. Let w be (6/(-4))/(o + 3428/(-856)). Suppose 0 = -5*l + w + 169. Calculate the greatest common divisor of l and 14.
14
Let j = -905 - -935. What is the greatest common divisor of 258 and j?
6
Suppose -6*q + 51 = 45. Let n(m) = 16*m - 10. Let x be n(q). What is the highest common divisor of 102 and x?
6
Let f be ((-14 - -5) + -32)/(2 - 3). What is the highest common divisor of f and 164?
41
Suppose -4642*n - 26775 = -4693*n. What is the highest common factor of 483 and n?
21
Let o be 117/195*(-10)/(-2). Suppose -z = 4*n - 0*z - 15, 0 = -2*n - o*z + 5. Calculate the highest common divisor of 76 and n.
4
Let t = -2249 - -6284. Calculate the highest common factor of 30 and t.
15
Suppose -5*x + 5167 = -p, 3*x + 5*p + 635 = 3752. Calculate the highest common divisor of x and 66.
22
Suppose 0 = -2*m + 6*g + 1586, -2*g + 2064 - 1261 = m. What is the highest common divisor of 459 and m?
17
Suppose -97*i - 37*i - 47*i = -362. Suppose 4*g - 102 = g. What is the greatest common divisor of i and g?
2
Suppose -83 = -4*l - 4*g + 169, 0 = -5*l + g + 327. What is the highest common factor of 897 and l?
13
Let r(d) = d**2 - 34*d + 854. Let l be r(22). What is the highest common factor of 70 and l?
10
Suppose 2*o - 5*i + 16 = 0, -2*o + 5*i - i - 16 = 0. Let a be (o/12*-1)/(4/(-66)). Let c = a - -34. Calculate the greatest common factor of 253 and c.
23
Suppose 8*j - 307 = 893. Let q = j + -141. Calculate the highest common factor of q and 279.
9
Let v(q) = -95*q + 524. Let c be v(4). Calculate the greatest common divisor of c and 6912.
144
Let w = -2795 + 3551. What is the greatest common divisor of 3591 and w?
189
Let g(r) = -28*r**2 - 701*r - 19. Let y be g(-25). Suppose 0 = -4*c + 5*j + 221, 0 = 3*c + 3*j + 2*j - 157. What is the greatest common factor of c and y?
6
Let k = 7467 + -7461. Calculate the highest common divisor of 843 and k.
3
Let u = -1279 + 1293. Calculate the highest common divisor of 1575 and u.
7
Let i = -23 - -50. Suppose -x - 5 = -v, 0*v = 4*v + 3*x - i. Let u = -148 + 172. What is the greatest common divisor of u and v?
6
Let z(v) = -2*v + 10. Let p be z(0). Suppose -p*y + 3 = -47. Suppose 0*u = y*f - 2*u - 29, -4*u + 26 = 2*f. Calculate the greatest common divisor of 28 and f.
7
Suppose 241 = 2*t - 907. Let w = 32 - 18. Calculate the greatest common divisor of t and w.
14
Let v(t) = 364*t - 21. Let c be v(1). Let q = c - 329. Calculate the greatest common factor of q and 406.
14
Let o be -7 + 3 + (1*-2 - 40816/(-16)). What is the greatest common factor of 5 and o?
5
Let m = 51 - -12. Let i = m + -24. Calculate the highest common factor of 52 and i.
13
Let u be 2*1 - (-1450)/145. What is the greatest common factor of u and 18?
6
Let w(o) = 1548*o - 1452. Let t be w(4). What is the greatest common factor of 90 and t?
30
Suppose 2*s - 1594 = 23*o - 22*o, -4*o + 1674 = 2*s. Suppose 4*z - 3*j + 2*j - 96 = 0, 0 = 5*z + 5*j - 95. What is the greatest common factor of s and z?
23
Let g be (-669)/(-29) + (-8)/116. What is the greatest common factor of 34362 and g?
23
Suppose 10 = 3*n - 149. Let l = n + -49. Suppose 0 = -3*g - 1 + l. Calculate the highest common factor of 8 and g.
1
Let x be 462/110*(0 + 5). What is the highest common divisor of x and 3360?
21
Let v = -26272 - -37502. Calculate the greatest common factor of v and 10.
10
Suppose -747*o + 749*o - 5074 = p, -5*p = 3*o - 7611. What is the highest common divisor of 258 and o?
43
Let b(v) = 28*v - 103. Suppose 8*h + 51 = 155. Let k be b(h). Calculate the highest common divisor of 58 and k.
29
Let x be (-30)/20*(-8)/6. Suppose -x*l - 17 + 129 = 0. Let m be ((-40)/8)/(40/(-336)). Calculate the highest common divisor of l and m.
14
Suppose 2*a = 6*j + 312, -1070*j + 1072*j - 352 = -2*a. What is the greatest common divisor of a and 1007?
19
Let i be (-33)/99*(-2 - -14)*(0 - 14). What is the highest common divisor of 1127 and i?
7
Let u(f) = -9114*f + 147. Let j(c) = 309*c - 5. Let w(d) = -147*j(d) - 5*u(d). Let i be w(3). Calculate the greatest common factor 